505187?
947, 139921
What are the prime factors of 567075077?
29, 149, 263, 499
List the prime factors of 157749077.
19, 8302583
What are the prime factors of 27218933?
7, 157, 24767
List the prime factors of 27281408.
2, 7, 11, 173
List the prime factors of 51543640.
2, 5, 773, 1667
What are the prime factors of 21817416?
2, 3, 367, 2477
What are the prime factors of 99847007?
13, 7680539
What are the prime factors of 673009226?
2, 17, 653, 30313
List the prime factors of 24997062.
2, 3, 4166177
What are the prime factors of 50775830?
2, 5, 7, 31, 23399
List the prime factors of 2519786229.
3, 23, 293, 5419
What are the prime factors of 167324265?
3, 5, 83, 109, 137
What are the prime factors of 2831706309?
3, 943902103
List the prime factors of 145936348.
2, 53, 688379
What are the prime factors of 545635199?
1847, 295417
List the prime factors of 470938624.
2, 13, 17, 2081
What are the prime factors of 451989710?
2, 5, 17, 233, 11411
List the prime factors of 24037303.
17, 1413959
List the prime factors of 205038058.
2, 199, 271, 1901
List the prime factors of 129146638.
2, 41, 61, 25819
What are the prime factors of 2954636?
2, 29, 25471
List the prime factors of 598207077.
3, 13, 19, 59, 4561
List the prime factors of 633778913.
633778913
List the prime factors of 1316190095.
5, 11, 31, 229, 3371
List the prime factors of 2954832390.
2, 3, 5, 17, 353, 5471
What are the prime factors of 4075779349?
4075779349
List the prime factors of 449904768.
2, 3, 61, 19207
What are the prime factors of 473762198?
2, 7, 13, 151, 17239
List the prime factors of 407258255.
5, 19, 4286929
What are the prime factors of 1216021555?
5, 7, 191, 181903
List the prime factors of 175913420.
2, 5, 29, 303299
List the prime factors of 404556710.
2, 5, 40455671
List the prime factors of 27301656.
2, 3, 1137569
What are the prime factors of 283086962?
2, 141543481
What are the prime factors of 60742086?
2, 3, 37, 273613
List the prime factors of 82251718.
2, 41125859
List the prime factors of 7333148051.
7333148051
List the prime factors of 1374520662.
2, 3, 307, 248737
List the prime factors of 3412422559.
7, 13, 251, 149399
What are the prime factors of 5470553?
11, 497323
What are the prime factors of 2745992936?
2, 19, 2767, 6529
List the prime factors of 118458656.
2, 311, 11903
List the prime factors of 75080771.
75080771
What are the prime factors of 46506968?
2, 17, 341963
What are the prime factors of 52841455?
5, 2917, 3623
List the prime factors of 198470945.
5, 2099, 18911
List the prime factors of 39188695.
5, 7, 13, 43, 2003
What are the prime factors of 474240323?
19, 157, 158981
What are the prime factors of 253588695?
3, 5, 16905913
List the prime factors of 121772708.
2, 30443177
List the prime factors of 203023831.
2221, 91411
List the prime factors of 1183778939.
7, 883, 191519
What are the prime factors of 15364361?
37, 415253
What are the prime factors of 137755510?
2, 5, 19, 23, 29, 1087
List the prime factors of 41968620.
2, 3, 5, 233159
List the prime factors of 137599109.
1583, 86923
List the prime factors of 472791401.
433, 887, 1231
List the prime factors of 6954929151.
3, 163, 14222759
List the prime factors of 45543767.
139, 547, 599
List the prime factors of 2563027251.
3, 89, 389, 24677
What are the prime factors of 107107281?
3, 43, 276763
List the prime factors of 570550046.
2, 11, 25934093
What are the prime factors of 66047017?
66047017
List the prime factors of 666187037.
947, 703471
What are the prime factors of 28061326?
2, 1483, 9461
What are the prime factors of 1106639?
67, 83, 199
What are the prime factors of 63064351?
7, 431, 20903
List the prime factors of 4066915776.
2, 3, 7, 11, 239, 1151
What are the prime factors of 439822527?
3, 263, 557443
List the prime factors of 391456750.
2, 5, 1565827
List the prime factors of 4356702587.
1579, 2759153
List the prime factors of 49742704.
2, 11, 233, 1213
What are the prime factors of 42111344?
2, 11, 23, 101, 103
What are the prime factors of 513115915?
5, 13, 7894091
List the prime factors of 1042436587.
1042436587
List the prime factors of 124180542.
2, 3, 19, 23, 15787
What are the prime factors of 324178978?
2, 37, 43, 101879
List the prime factors of 367731079.
367731079
What are the prime factors of 94410419?
1187, 79537
List the prime factors of 30652655.
5, 11, 557321
What are the prime factors of 2442579154?
2, 1109, 1101253
What are the prime factors of 734328891?
3, 19, 4294321
What are the prime factors of 77693720?
2, 5, 13, 149411
What are the prime factors of 490999657?
37, 313, 42397
List the prime factors of 3748683100.
2, 5, 37486831
List the prime factors of 130353031.
647, 201473
What are the prime factors of 2096190424?
2, 79, 1361, 2437
What are the prime factors of 95742744?
2, 3, 23, 107, 1621
List the prime factors of 883458559.
6521, 135479
List the prime factors of 1604719001.
53, 4513, 6709
What are the prime factors of 1379074412?
2, 344768603
List the prime factors of 34972345.
5, 6994469
List the prime factors of 7852025559.
3, 7, 37, 10105567
List the prime factors of 2035647107.
13, 156588239
List the prime factors of 505471269.
3, 19, 8867917
What are the prime factors of 266143051?
19, 23, 53, 11491
List the prime factors of 37458823.
19, 1971517
What are the prime factors of 55284838?
2, 7, 103, 5477
List the prime factors of 1837520006.
2, 7, 811, 161839
What are the prime factors of 2227642?
2, 23, 79, 613
List the prime factors of 62831512.
2, 149, 52711
List the prime factors of 222425672.
2, 7, 3971887
What are the prime factors of 174077098?
2, 13, 173, 229
What are the prime factors of 1547934?
2, 3, 257989
What are the prime factors of 69974888?
2, 8746861
List the prime factors of 631614381.
3, 593, 355039
List the prime factors of 2106259028.
2, 526564757
What are the prime factors of 59122372?
2, 14780593
List the prime factors of 2556528349.
163, 15684223
List the prime factors of 6563644720.
2, 5, 1129, 72671
List the prime factors of 308788147.
308788147
What are the prime factors of 431923053?
3, 277, 683, 761
What are the prime factors of 2559490380?
2, 3, 5, 19, 249463
What are the prime factors of 18800368?
2, 17, 69119
List the prime factors of 302029538.
2, 151014769
List the prime factors of 167572851.
3, 71, 157, 5011
What are the prime factors of 249684356?
2, 62421089
What are the prime factors of 1646035315?
5, 173, 1902931
List the prime factors of 124914405.
3, 5, 7, 11, 37, 79
What are the prime factors of 86029158?
2, 3, 14338193
What are the prime factors of 30443859?
3, 37, 91423
What are the prime factors of 16007168?
2, 977
List the prime factors of 36189144.
2, 3, 43, 11689
List the prime factors of 3233000161.
3233000161
List the prime factors of 15735926.
2, 61, 128983
List the prime factors of 98405786.
2, 49202893
What are the prime factors of 41876091?
3, 127, 36637
What are the prime factors of 169900375?
5, 19, 71537
List the prime factors of 177379646.
2, 5749, 15427
What are the prime factors of 2407401793?
2407401793
List the prime factors of 8786215094.
2, 17, 2557, 101063
List the prime factors of 1582497663.
3, 527499221
List the prime factors of 6640682814.
2, 3, 59, 105983
List the prime factors of 270841960.
2, 5, 17, 19, 20963
What are the prime factors of 461507307?
3, 83, 1853443
List the prime factors of 36963861.
3, 11, 263, 4259
List the prime factors of 6580719611.
281, 409, 57259
List the prime factors of 20166859.
199, 101341
List the prime factors of 2826447370.
2, 5, 17, 227, 73243
List the prime factors of 1651184300.
2, 5, 16511843
What are the prime factors of 88488849?
3, 31, 59, 16127
What are the prime factors of 546572388?
2, 3, 45547699
What are the prime factors of 41533222?
2, 313, 66347
List the prime factors of 610715730.
2, 3, 5, 71, 286721
What are the prime factors of 1418324643?
3, 157591627
What are the prime factors of 210776353?
17, 263, 47143
What are the prime factors of 4727452?
2, 631, 1873
List the prime factors of 167134771.
859, 194569
List the prime factors of 1295313788.
2, 953, 339799
What are the prime factors of 46597734?
2, 3, 862921
List the prime factors of 43231066.
2, 61, 354353
What are the prime factors of 8913087?
3, 223, 4441
What are the